{"id":138,"date":"2021-12-06T22:18:27","date_gmt":"2021-12-06T22:18:27","guid":{"rendered":"https:\/\/www.colegiolascandelas.com.ar\/?page_id=138"},"modified":"2021-12-06T23:37:44","modified_gmt":"2021-12-06T23:37:44","slug":"pilares","status":"publish","type":"page","link":"https:\/\/www.colegiolascandelas.com.ar\/index.php\/pilares\/","title":{"rendered":"Pilares"},"content":{"rendered":"\n<h1 class=\"has-text-align-center\">Los pilares que nos sustentan<\/h1>\n\n\n\n<div class=\"wp-block-columns\">\n<div class=\"wp-block-column\">\n<h2 class=\"has-text-align-center has-medium-font-size\"><strong>Dignidad Humana<\/strong><\/h2>\n\n\n\n<p class=\"has-text-align-center\">Toda persona es merecedora de una dignidad, de honor y respeto. La dignidad es un valor irrenunciable e independiente de la raza, sexo, religi\u00f3n, ideolog\u00eda, capacidades, etc. La garant\u00eda de que las personas vivan de acuerdo con su dignidad reside en los derechos, tales como el derecho a la vida y a la integridad.<\/p>\n\n\n\n<blockquote class=\"wp-block-quote\"><p>&nbsp;\u201cAct\u00faa de tal manera que trates a la humanidad, tanto en tu persona como en la de cualquier otro, siempre como un fin y nunca \u00fanicamente como un medio\u201d.<\/p><cite>Kant<\/cite><\/blockquote>\n<\/div>\n\n\n\n<div class=\"wp-block-column\">\n<h2 class=\"has-text-align-center has-medium-font-size\"><strong>Trabajo<\/strong><\/h2>\n\n\n\n<p class=\"has-text-align-center\">La actividad es fuente de alegr\u00eda. El hombre encuentra la alegr\u00eda en el trabajo mismo, cuando realiza un trabajo que le gusta, en el resultado del trabajo, o cuando realiza su actividad en funci\u00f3n del objetivo que quiere alcanzar<\/p>\n<\/div>\n\n\n\n<div class=\"wp-block-column\">\n<h2 class=\"has-text-align-center has-medium-font-size\"><strong>Libertad<\/strong><\/h2>\n\n\n\n<p class=\"has-text-align-center\">La escuela moderna convirti\u00f3 en uno de sus estandartes el \u201cEducar en la Libertad\u201d. Pero, ser libre no es f\u00e1cil, hay que aprender a serlo. Aprender a distinguir el para qu\u00e9 de la libertad, el hasta donde de la libertad y el sentido de la libertad; sentido que consiste en tener la capacidad para decidir qu\u00e9 tipo de vida y qu\u00e9 tipo de mundo queremos como la realizaci\u00f3n de lo verdaderamente humano.<\/p>\n<\/div>\n<\/div>\n\n\n\n<figure class=\"wp-block-gallery alignfull columns-2 is-cropped\"><ul class=\"blocks-gallery-grid\"><li class=\"blocks-gallery-item\"><figure><img loading=\"lazy\" width=\"1601\" height=\"414\" src=\"https:\/\/www.colegiolascandelas.com.ar\/wp-content\/uploads\/2021\/12\/slide4-ts1543350077-1.jpg\" alt=\"\" data-id=\"211\" data-full-url=\"http:\/\/www.colegiolascandelas.com.ar\/wp-content\/uploads\/2021\/12\/slide4-ts1543350077-1.jpg\" data-link=\"https:\/\/www.colegiolascandelas.com.ar\/index.php\/pilares\/slide4-ts1543350077-2\/\" class=\"wp-image-211\" srcset=\"https:\/\/www.colegiolascandelas.com.ar\/wp-content\/uploads\/2021\/12\/slide4-ts1543350077-1.jpg 1601w, https:\/\/www.colegiolascandelas.com.ar\/wp-content\/uploads\/2021\/12\/slide4-ts1543350077-1-300x78.jpg 300w, https:\/\/www.colegiolascandelas.com.ar\/wp-content\/uploads\/2021\/12\/slide4-ts1543350077-1-1024x265.jpg 1024w, https:\/\/www.colegiolascandelas.com.ar\/wp-content\/uploads\/2021\/12\/slide4-ts1543350077-1-768x199.jpg 768w, https:\/\/www.colegiolascandelas.com.ar\/wp-content\/uploads\/2021\/12\/slide4-ts1543350077-1-1536x397.jpg 1536w\" sizes=\"(max-width: 1601px) 100vw, 1601px\" \/><\/figure><\/li><li class=\"blocks-gallery-item\"><figure><img loading=\"lazy\" width=\"1601\" height=\"412\" src=\"https:\/\/www.colegiolascandelas.com.ar\/wp-content\/uploads\/2021\/12\/slide5-ts1543350081-1.jpg\" alt=\"\" data-id=\"212\" data-full-url=\"http:\/\/www.colegiolascandelas.com.ar\/wp-content\/uploads\/2021\/12\/slide5-ts1543350081-1.jpg\" data-link=\"https:\/\/www.colegiolascandelas.com.ar\/index.php\/pilares\/slide5-ts1543350081-2\/\" class=\"wp-image-212\" srcset=\"https:\/\/www.colegiolascandelas.com.ar\/wp-content\/uploads\/2021\/12\/slide5-ts1543350081-1.jpg 1601w, https:\/\/www.colegiolascandelas.com.ar\/wp-content\/uploads\/2021\/12\/slide5-ts1543350081-1-300x77.jpg 300w, https:\/\/www.colegiolascandelas.com.ar\/wp-content\/uploads\/2021\/12\/slide5-ts1543350081-1-1024x264.jpg 1024w, https:\/\/www.colegiolascandelas.com.ar\/wp-content\/uploads\/2021\/12\/slide5-ts1543350081-1-768x198.jpg 768w, https:\/\/www.colegiolascandelas.com.ar\/wp-content\/uploads\/2021\/12\/slide5-ts1543350081-1-1536x395.jpg 1536w\" sizes=\"(max-width: 1601px) 100vw, 1601px\" \/><\/figure><\/li><li class=\"blocks-gallery-item\"><figure><img loading=\"lazy\" width=\"1601\" height=\"426\" src=\"https:\/\/www.colegiolascandelas.com.ar\/wp-content\/uploads\/2021\/12\/slide1-ts1543350065-1.jpg\" alt=\"\" data-id=\"209\" data-full-url=\"http:\/\/www.colegiolascandelas.com.ar\/wp-content\/uploads\/2021\/12\/slide1-ts1543350065-1.jpg\" data-link=\"https:\/\/www.colegiolascandelas.com.ar\/index.php\/pilares\/slide1-ts1543350065-2\/\" class=\"wp-image-209\" srcset=\"https:\/\/www.colegiolascandelas.com.ar\/wp-content\/uploads\/2021\/12\/slide1-ts1543350065-1.jpg 1601w, https:\/\/www.colegiolascandelas.com.ar\/wp-content\/uploads\/2021\/12\/slide1-ts1543350065-1-300x80.jpg 300w, https:\/\/www.colegiolascandelas.com.ar\/wp-content\/uploads\/2021\/12\/slide1-ts1543350065-1-1024x272.jpg 1024w, https:\/\/www.colegiolascandelas.com.ar\/wp-content\/uploads\/2021\/12\/slide1-ts1543350065-1-768x204.jpg 768w, https:\/\/www.colegiolascandelas.com.ar\/wp-content\/uploads\/2021\/12\/slide1-ts1543350065-1-1536x409.jpg 1536w\" sizes=\"(max-width: 1601px) 100vw, 1601px\" \/><\/figure><\/li><li class=\"blocks-gallery-item\"><figure><img loading=\"lazy\" width=\"1601\" height=\"412\" src=\"https:\/\/www.colegiolascandelas.com.ar\/wp-content\/uploads\/2021\/12\/slide2-ts1543350070-1.jpg\" alt=\"\" data-id=\"208\" data-full-url=\"http:\/\/www.colegiolascandelas.com.ar\/wp-content\/uploads\/2021\/12\/slide2-ts1543350070-1.jpg\" data-link=\"https:\/\/www.colegiolascandelas.com.ar\/index.php\/pilares\/slide2-ts1543350070-2\/\" class=\"wp-image-208\" srcset=\"https:\/\/www.colegiolascandelas.com.ar\/wp-content\/uploads\/2021\/12\/slide2-ts1543350070-1.jpg 1601w, https:\/\/www.colegiolascandelas.com.ar\/wp-content\/uploads\/2021\/12\/slide2-ts1543350070-1-300x77.jpg 300w, https:\/\/www.colegiolascandelas.com.ar\/wp-content\/uploads\/2021\/12\/slide2-ts1543350070-1-1024x264.jpg 1024w, https:\/\/www.colegiolascandelas.com.ar\/wp-content\/uploads\/2021\/12\/slide2-ts1543350070-1-768x198.jpg 768w, https:\/\/www.colegiolascandelas.com.ar\/wp-content\/uploads\/2021\/12\/slide2-ts1543350070-1-1536x395.jpg 1536w\" sizes=\"(max-width: 1601px) 100vw, 1601px\" \/><\/figure><\/li><li class=\"blocks-gallery-item\"><figure><img loading=\"lazy\" width=\"1601\" height=\"414\" src=\"https:\/\/www.colegiolascandelas.com.ar\/wp-content\/uploads\/2021\/12\/slide4-ts1543350077.jpg\" alt=\"\" data-id=\"174\" data-full-url=\"http:\/\/www.colegiolascandelas.com.ar\/wp-content\/uploads\/2021\/12\/slide4-ts1543350077.jpg\" data-link=\"https:\/\/www.colegiolascandelas.com.ar\/index.php\/inicio\/slide4-ts1543350077\/\" class=\"wp-image-174\" srcset=\"https:\/\/www.colegiolascandelas.com.ar\/wp-content\/uploads\/2021\/12\/slide4-ts1543350077.jpg 1601w, https:\/\/www.colegiolascandelas.com.ar\/wp-content\/uploads\/2021\/12\/slide4-ts1543350077-300x78.jpg 300w, https:\/\/www.colegiolascandelas.com.ar\/wp-content\/uploads\/2021\/12\/slide4-ts1543350077-1024x265.jpg 1024w, https:\/\/www.colegiolascandelas.com.ar\/wp-content\/uploads\/2021\/12\/slide4-ts1543350077-768x199.jpg 768w, https:\/\/www.colegiolascandelas.com.ar\/wp-content\/uploads\/2021\/12\/slide4-ts1543350077-1536x397.jpg 1536w\" sizes=\"(max-width: 1601px) 100vw, 1601px\" \/><\/figure><\/li><li class=\"blocks-gallery-item\"><figure><img loading=\"lazy\" width=\"1601\" height=\"412\" src=\"https:\/\/www.colegiolascandelas.com.ar\/wp-content\/uploads\/2021\/12\/slide3-ts1543350073.jpg\" alt=\"\" data-id=\"173\" data-full-url=\"http:\/\/www.colegiolascandelas.com.ar\/wp-content\/uploads\/2021\/12\/slide3-ts1543350073.jpg\" data-link=\"https:\/\/www.colegiolascandelas.com.ar\/index.php\/inicio\/slide3-ts1543350073\/\" class=\"wp-image-173\" srcset=\"https:\/\/www.colegiolascandelas.com.ar\/wp-content\/uploads\/2021\/12\/slide3-ts1543350073.jpg 1601w, https:\/\/www.colegiolascandelas.com.ar\/wp-content\/uploads\/2021\/12\/slide3-ts1543350073-300x77.jpg 300w, https:\/\/www.colegiolascandelas.com.ar\/wp-content\/uploads\/2021\/12\/slide3-ts1543350073-1024x264.jpg 1024w, https:\/\/www.colegiolascandelas.com.ar\/wp-content\/uploads\/2021\/12\/slide3-ts1543350073-768x198.jpg 768w, https:\/\/www.colegiolascandelas.com.ar\/wp-content\/uploads\/2021\/12\/slide3-ts1543350073-1536x395.jpg 1536w\" sizes=\"(max-width: 1601px) 100vw, 1601px\" \/><\/figure><\/li><\/ul><\/figure>\n","protected":false},"excerpt":{"rendered":"","protected":false},"author":1,"featured_media":0,"parent":0,"menu_order":0,"comment_status":"closed","ping_status":"closed","template":"","meta":{"om_disable_all_campaigns":false},"_links":{"self":[{"href":"https:\/\/www.colegiolascandelas.com.ar\/index.php\/wp-json\/wp\/v2\/pages\/138"}],"collection":[{"href":"https:\/\/www.colegiolascandelas.com.ar\/index.php\/wp-json\/wp\/v2\/pages"}],"about":[{"href":"https:\/\/www.colegiolascandelas.com.ar\/index.php\/wp-json\/wp\/v2\/types\/page"}],"author":[{"embeddable":true,"href":"https:\/\/www.colegiolascandelas.com.ar\/index.php\/wp-json\/wp\/v2\/users\/1"}],"replies":[{"embeddable":true,"href":"https:\/\/www.colegiolascandelas.com.ar\/index.php\/wp-json\/wp\/v2\/comments?post=138"}],"version-history":[{"count":2,"href":"https:\/\/www.colegiolascandelas.com.ar\/index.php\/wp-json\/wp\/v2\/pages\/138\/revisions"}],"predecessor-version":[{"id":214,"href":"https:\/\/www.colegiolascandelas.com.ar\/index.php\/wp-json\/wp\/v2\/pages\/138\/revisions\/214"}],"wp:attachment":[{"href":"https:\/\/www.colegiolascandelas.com.ar\/index.php\/wp-json\/wp\/v2\/media?parent=138"}],"curies":[{"name":"wp","href":"https:\/\/api.w.org\/{rel}","templated":true}]}}